 - 9647. Calculate q(2).
3
Let k(d) = d**2 - 208255*d + 1665970. Give k(8).
-6
Let m(y) = 11501*y + 69037. Determine m(-6).
31
Let a(u) = -1950*u - 1222613. Give a(-627).
37
Let s(z) = z**3 - 25*z**2 - 40*z + 2064. Give s(19).
-862
Let j(y) = 342*y**2 - 6074*y - 1413. Calculate j(18).
63
Let p(w) = -w**3 + 220*w**2 - 2312*w + 664767. What is p(223)?
4
Let z(r) = 115*r**2 - 6*r - 235. Calculate z(0).
-235
Let o(d) = -1357*d + 26098. What is o(17)?
3029
Let p(u) = 34*u**2 + 1638*u + 126. What is p(-48)?
-162
Let y(g) = 173*g**2 - 11*g - 28. Give y(-2).
686
Let i(v) = v**3 - 18*v**2 - 80*v + 880. Give i(12).
-944
Let a(g) = -786*g + 3744. Calculate a(5).
-186
Let h(p) = -2*p**3 - 35*p**2 + 95*p + 2603. Determine h(-15).
53
Let m(p) = 89589*p - 1343851. Calculate m(15).
-16
Let f(d) = 264*d**2 - 5795*d - 300. Give f(22).
-14
Let r(s) = -214*s + 33522. Determine r(157).
-76
Let v(p) = -168*p**2 + 83*p - 166. What is v(2)?
-672
Let q(v) = 2*v**3 + 32*v**2 + 2*v + 68. What is q(-14)?
824
Let p(w) = w**3 + w**2 - 53317*w + 159927. What is p(3)?
12
Let t(b) = -4760*b + 3469910. Calculate t(729).
-130
Let f(i) = i**2 + 69*i + 1039. Determine f(-55).
269
Let y(m) = 87105*m - 1829219. Calculate y(21).
-14
Let c(m) = m**2 - 54364*m - 271822. Calculate c(-5).
23
Let s(o) = -o**3 - 21*o**2 + 95*o + 1592. Determine s(-20).
-708
Let v(g) = -g**3 + 25*g**2 - 35*g + 55. Calculate v(26).
-1531
Let m(j) = 4*j**2 - 143*j + 560. Give m(4).
52
Let w(g) = -g**2 + 41*g + 15203. Give w(-107).
-633
Let w(j) = j**3 - 26103*j**2 - 130507*j + 25. Determine w(-5).
-140
Let n(s) = -280*s - 2449. Determine n(-8).
-209
Let x(u) = -202*u**2 + 2229*u - 149. Calculate x(11).
-72
Let k(p) = -p**2 + 1447*p - 468460. Determine k(958).
2
Let c(w) = -w**2 - 483387*w - 2416910. What is c(-5)?
0
Let p(o) = 71*o**2 - 966*o - 21. Give p(14).
371
Let y(p) = 3131*p - 691944. What is y(221)?
7
Let s(v) = v**3 + 17*v**2 + 49*v - 214. What is s(-6)?
-112
Let w(g) = -g**3 - 73*g**2 + 13483*g - 4500. Calculate w(85).
5
Let u(j) = 3392*j**2 - 61049*j - 130. What is u(18)?
-4
Let p(v) = -v**2 + 295*v - 20826. Give p(113).
-260
Let v(n) = -n**2 - 397*n + 3182. Determine v(8).
-58
Let f(i) = 380*i + 46335. Give f(-122).
-25
Let o(s) = s**3 + 22*s**2 + 1146*s + 23613. Determine o(-21).
-12
Let v(s) = 106*s**2 - 841*s - 1674. Determine v(-2).
432
Let w(p) = 2*p**2 - 324*p - 34894. What is w(-73)?
-584
Let m(c) = 3298*c - 36287. Give m(11).
-9
Let j(v) = 4877*v - 19425. What is j(4)?
83
Let t(j) = 584*j - 71856. Calculate t(123).
-24
Let q(x) = -x**3 - 53*x**2 + 801*x + 207. What is q(-65)?
-1158
Let h(l) = -910*l - 22758. Give h(-25).
-8
Let q(d) = -d**3 - 46*d**2 - 94*d + 219. Calculate q(-44).
483
Let j(b) = 3657*b + 29277. Give j(-8).
21
Let c(g) = -61*g + 1984. Calculate c(33).
-29
Let p(z) = z**2 + 2114*z + 1115570. What is p(-1016)?
2
Let v(w) = -48*w**2 - 35000*w - 5830. Give v(-729).
2
Let q(s) = 84*s**3 - 1849*s**2 + 14*s + 185. Determine q(22).
9
Let w(g) = -4*g**2 - 120*g - 324. Determine w(-3).
0
Let y(w) = 1250*w - 126250. What is y(101)?
0
Let t(i) = -13*i**2 - 3794*i + 8186. Give t(-294).
-46
Let a(p) = 223*p + 16485. Give a(-74).
-17
Let o(x) = 8*x**2 - 183*x - 19303. Calculate o(-39).
2
Let d(n) = -461*n - 5335. Give d(-13).
658
Let s(a) = 2*a**2 - 710*a - 103448. Calculate s(-111).
4
Let i(g) = -58477*g + 1812793. Calculate i(31).
6
Let n(q) = 268*q + 15647. What is n(-58)?
103
Let h(u) = -54*u**2 - 6073*u + 3224. Calculate h(-113).
-53
Let m(p) = -p**2 - 1798*p + 923646. Calculate m(417).
-9
Let n(y) = 1075*y - 83863. Determine n(77).
-1088
Let i(f) = 6*f**2 + 540*f + 2005. What is i(-86)?
-59
Let o(s) = 18*s**2 - 149*s - 1363. Give o(-9).
1436
Let a(o) = 2*o**3 - 10*o**2 + 440*o + 1318. What is a(-3)?
-146
Let k(j) = 2150*j - 17304. Give k(8).
-104
Let h(t) = -32829*t + 361116. Give h(11).
-3
Let n(k) = 175056*k**2 - 875274*k - 39. What is n(5)?
-9
Let w(q) = q**3 - 67*q**2 - 94*q - 172. What is w(68)?
-1940
Let m(h) = 15*h**2 - 18*h - 54. Give m(-4).
258
Let c(w) = -1648*w - 316416. Give c(-192).
0
Let j(o) = -o**3 - 28*o**2 - 91*o - 5016. Calculate j(-30).
-486
Let g(k) = -k**3 - 49*k**2 - 365*k - 161. Calculate g(-10).
-411
Let r(t) = -t**3 + 163*t**2 + 264*t - 16387. Determine r(164).
13
Let p(x) = -35*x - 3182. Determine p(-131).
1403
Let s(y) = 7*y**2 - 308*y + 567. Give s(41).
-294
Let o(a) = -2*a**3 - 312*a**2 + 303*a - 1514. Calculate o(-157).
213
Let w(p) = 14*p**2 + 166*p + 298. Give w(-11).
166
Let h(o) = -3*o**3 - 128*o**2 - 108*o - 863. Determine h(-42).
145
Let a(s) = s**3 + 123*s**2 + 245*s + 45743. What is a(-124)?
-13
Let y(s) = -s**2 + 189*s - 6101. What is y(148)?
-33
Let r(j) = 2*j**3 - 330*j**2 - 7*j - 5. What is r(0)?
-5
Let g(m) = 4762*m + 38174. Determine g(-8).
78
Let r(p) = -8*p**2 + 246945*p - 246943. Calculate r(1).
-6
Let v(w) = 1343*w + 28092. What is v(-17)?
5261
Let b(n) = -n**3 + 33*n**2 + 1424*n - 11244. Give b(7).
-2
Let z(o) = 1429*o - 8692. What is z(6)?
-118
Let q(b) = 2*b**3 - 359*b**2 + 168*b + 1167. Calculate q(179).
-802
Let n(j) = -j**2 - 142*j - 2503. Give n(-21).
38
Let n(v) = v**3 + 35*v**2 + 45799*v + 1650054. Calculate n(-36).
-6
Let o(n) = 5*n**2 + 16*n - 10. What is o(-6)?
74
Let n(l) = -329*l**2 + 2817*l - 128. Calculate n(8).
1352
Let h(s) = -4604*s + 11164. Calculate h(2).
1956
Let r(s) = 4*s**2 + 20*s - 19. Calculate r(-24).
1805
Let r(f) = -3*f**2 + 303*f + 41717. What is r(-80)?
-1723
Let t(k) = 2*k**2 - 845*k + 19087. What is t(24)?
-41
Let x(o) = 4*o**3 + 59*o**2 - 5261*o - 74219. Determine x(-14).
23
Let t(v) = -5*v**3 - 61*v**2 + 11*v - 245. Calculate t(-13).
288
Let h(x) = 2451*x + 340. What is h(1)?
2791
Let k(c) = -c**2 - 745*c - 25251. Determine k(-36).
273
Let q(x) = -2*x**2 - 253*x - 279. Determine q(0).
-279
Let y(o) = 537*o - 33832. Determine y(63).
-1
Let k(q) = -q**2 - 2520*q + 292083. Calculate k(111).
42
Let r(m) = 6235*m + 30198. Calculate r(-5).
-977
Let k(b) = 106*b**2 - 7950*b - 17. Calculate k(75).
-17
Let i(h) = h**2 - 139884*h + 14257760. Give i(102).
-4
Let l(q) = -1070*q - 6264. Give l(-4).
-1984
Let j(u) = -u**3 + 18*u**2 + 13*u - 301. What is j(4)?
-25
Let i(f) = 29*f**2 - 114*f - 14. Calculate i(4).
-6
Let u(h) = -2*h**3 + 22*h**2 + 2*h - 34. Determine u(10).
186
Let n(z) = z**3 - 593*z**2 + 1708*z + 36593. Calculate n(590).
13
Let k(h) = -2*h**3 - 306*h**2 - 300*h + 543. Determine k(-152).
-65
Let m(r) = -176*r**2 + 25001*r - 1274. Determine m(142).
4
Let b(y) = y**3 - 162*y**2 - 1328*y - 5440. Determine b(170).
0
Let r(w) = 325*w + 8850. What is r(-31)?
-1225
Let x(s) = 74945*s - 599554. Calculate x(8).
6
Let x(f) = -f**2 - 48*f + 147660. What is x(361)?
11
Let n(l) = -7*l**2 - 99*l - 84. Calculate n(-13).
20
Let u(n) = 4*n**3 + 1389*n**2 + 519*n + 59692. Calculate u(-347).
8
Let t(i) = i**2 - 20*i - 3564. Determine t(71).
57
Let s(c) = 57296*c + 1718866. Calculate s(-30).
-14
Let t(i) = -21872*i + 174980. Give t(8).
4
Let r(i) = 1691*i + 224923. What is r(-133)?
20
Let s(t) = -t**2 - 33*t - 501. Give s(-10).
-271
Let a(s) = 868*s - 40870. Calculate a(49).
1662
Let r(p) = -13*p**2 - 3187*p + 54325. What is r(16)?
5
Let o(c) = 49*c**2 - 10155*c + 2321. Give o(207).
-163
Let n(o) = 30*o**2 + 408*o - 535. Give n(-15).
95
Let p(g) = -2*g**3 + 169*g**2 - 81*g + 152. Give p(84).
404
Let v(f) = -75395*f - 5202337. Give v(-69).
-82
Let i(z) = -14939*z + 1344482. Give i(90).
-28
Let v(x) = -x**2 + 413*x + 6680. Determine v(-16).
-184
Let x(y) = 1140*y - 2986. What is x(1)?
-1846
Let n(p) = p**3 - 37*p**2 + 108*p - 725. Calculate n(35).
605
Let t(v) = -v**3 - 36*v**2 + 477*v + 18146. Calculate t(-33).
-862
Let o(i) = 57*i**2 + 4381*i - 527. Determine o(-77).
89
Let z(g) = g**3 - 588*g**2 - 585*g - 2595. Determine z(589).
-239
Let y(z) = -5077*z + 10160. Calculate y(2).
6
Let g(q) = q**2 + 518*q - 592262. Determine g(553).
1
Let b(a) = 4*a**2 + 2348*a + 11623. What is b(-5)?
-17
Let l(x) = 51*x**2 - 3387*x + 26350. What is l(9)?
-2
Let a(d) = 17*d**2 - 31*d + 433. Give a(9).
1531
Let v(o) = 9*o**3 + 127*o**2 + 42*o + 213. Determine v(-14).
-179
Let v(y) = -y**3 + 421*y**2 - 24298*y + 3549. Calculate v(352).
29
Let c(s) = -s**2 - 308*s + 113750. Give c(217).
-175
Let a(p) = 72*p**2 + 656*p - 27. Give a(-